8. What is k(l)?
-9
Let o be ((-20)/(-15))/(4/(-6)). Let m(k) be the second derivative of -k**4/6 - 2*k**3/3 - 3*k**2/2 + 3*k. Give m(o).
-3
Let g = 1 - 0. Let l(c) = -1 + 5 - g + 3 - c. Let h be (-10)/25 - (-2)/5. What is l(h)?
6
Let l(c) = -c - 5 - 5 + 9 - 3. Determine l(-8).
4
Let j(y) = y**3 - 6*y**2 + 5*y + 6. Let n(r) = 9*r**2 + 2*r - 1. Let d be n(1). Suppose v + d = 6*v, -5*v = 3*w - 25. Give j(w).
6
Let a(i) be the second derivative of -i**4/12 - 4*i**3/3 + i**2/2 - 9*i. Give a(-6).
13
Let g(d) = -9*d**3 + 3*d**2 + 2*d + 2. Let i(k) = -5*k**3 + k**2 + k + 1. Let m(x) = 4*g(x) - 7*i(x). Give m(5).
6
Let a(u) = -2*u**3 - u**2 + 1. Let z be 0/2 - 0 - -1. Let t be a(z). Let g(r) = 0*r**3 + 28 - 26 - r**3 - 3*r**2. Calculate g(t).
-2
Let m(g) = -g - 11. Let o be m(-5). Let u be (2 - -3) + (o - -3). Let b(t) = -2*t + 2. Calculate b(u).
-2
Let m be 2/9 + (-22)/99. Suppose 4*p + 19 + 1 = m. Let b(i) = i**2 + 5*i - 3. What is b(p)?
-3
Let z(k) = 10*k + 7. Let g(r) = 7*r + 5. Let j(d) = -7*g(d) + 5*z(d). What is j(5)?
5
Suppose 0 = -l - 5*m + 13, 4*m = -5*l + 2*l + 17. Let x(q) = -2*q**3 + q**3 + 5*q**2 - l + 2. Suppose o - 27 = -5*z, -o - 4 = 4*z - 26. Give x(z).
-1
Let l be -4 + 12 + 1 + -2. Let i(f) = -f**3 + 6*f**2 + 8*f + 2. What is i(l)?
9
Let f(c) = c**2 - 9*c - 1. Suppose 5*k - 13 - 22 = 0. Give f(k).
-15
Let q(m) = -m - 1. Let n(t) = t**2 - 3*t - 5. Let a(d) = n(d) - 2*q(d). Let p be ((-2)/(-6))/(1/(-3)). Let o = p + 1. What is a(o)?
-3
Let h = -13 + 8. Let i(d) = 3*d + 10. Let o(w) = w + 3. Let x(f) = -4*i(f) + 11*o(f). Calculate x(h).
-2
Let w = 3 - 1. Let g(k) = 2 + 4 + k**2 - w - 5*k + 0. Let l be g(3). Let h(x) = x**3 + x**2 + 3*x + 3. Give h(l).
-7
Let a be (1 + -9 - 2)/2. Suppose 4*f = 5*y - 3*y, 2*f + 4*y - 20 = 0. Let n(m) = 5*m - 3 + 0 + m**f - 1. Give n(a).
-4
Let o(d) = -d**2 + d. Let c = 52 + -31. Let p = c + -18. Give o(p).
-6
Let v = -31 + 34. Let r(d) = -d**2 + 5*d - 2. Determine r(v).
4
Let r(b) = -3*b**2 + 21*b - 13. Suppose -6*x + 28 = -2*x. Let v(w) = 2*w**2 - 14*w + 9. Let q(y) = x*v(y) + 5*r(y). Give q(6).
4
Let g(q) = q**3 + 9*q**2 + 15*q + 4. Let s be g(-7). Let x(a) = -a - 6. Let y(o) = 3*o + 25. Let k(z) = -9*x(z) - 2*y(z). Calculate k(s).
-5
Let o(x) = x**2 + 2*x - 2. Let k be 1/((-5)/(-10)) + -5. Give o(k).
1
Let r(d) = d + 1. Let i(a) = -2*a**2 + 3*a + 4. Let u(g) = -i(g) + 5*r(g). Let c be (8/(-5))/((-4)/10). Let m = 2 - c. What is u(m)?
5
Let p(l) = -3 + 13*l**2 - 4*l**2 - 5*l**2 + l**3 + 4. What is p(-3)?
10
Let l(s) be the second derivative of -s**5/20 + s**4/4 + 5*s**3/6 - s**2 + 26*s. Calculate l(4).
2
Let f(v) = v**2 - 5*v - 1. Let i be f(4). Let k(s) = -6*s**3 + s**2 + 5*s - 7. Let b(m) = 5*m**3 - m**2 - 4*m + 6. Let j(t) = i*b(t) - 4*k(t). Determine j(0).
-2
Let z = -6 - -5. Let h(q) = -q**2 - q + 4. Let y(g) = -1. Let a(m) = h(m) + 4*y(m). Let u(b) = 6*b**2 + b - 1. Let p(r) = a(r) + u(r). What is p(z)?
4
Let q(o) = o**2 + 5*o - 1. Let k(z) = -z**3 - 9*z**2 - 8*z - 5. Let t be k(-8). What is q(t)?
-1
Let n = -9 + 14. Suppose 21 = 3*i - 5*l, -l = n*i - 2*l - 13. Let b(p) be the third derivative of -p**4/24 + p**3/2 - 3*p**2. What is b(i)?
1
Let n = -8 + 6. Let w(y) = 4*y - 9. Let o(h) = -2*h + 5. Let g(v) = 11*o(v) + 6*w(v). What is g(n)?
-3
Let n(y) be the second derivative of -y**3/6 - y**2/2 + 18*y. Suppose -r + 3*g = -0*r + 12, -5*r + 8 = 2*g. Calculate n(r).
-1
Let r = 8 - 7. Let y = 0 - r. Let c(o) = -6*o + 13. Let j(d) = 3*d - 7. Let n(h) = 6*c(h) + 11*j(h). Determine n(y).
4
Let j = 5 + -2. Let t(h) = 5*h - j*h**2 - 6 + h + 2*h**2. Suppose -5 = -p + 5*r, -2*r = -p - 4*r + 5. Give t(p).
-1
Let a = 11 + -11. Suppose -5*q + a*g - g = -8, -16 = -q - 5*g. Let c(m) = 12*m**2 + m. Calculate c(q).
13
Suppose -8*w = -2*x - 3*w + 4, -4*w = -16. Let z be x/8*(-4)/(-3). Let i(o) = -4*o**2 + 2*o + 2. Give i(z).
-10
Suppose 4 + 2 = 3*u, -5*f = 5*u. Let m(z) = -z**2 - 11*z - 2. Let b(v) = v. Let p = -3 + 4. Let k(h) = p*m(h) + 6*b(h). What is k(f)?
4
Let a = 10 + -17. Let p(y) = 2*y**2 - 13*y - 7. Let q(c) = c**2 - 7*c - 4. Let d(n) = a*q(n) + 4*p(n). Give d(2).
-2
Let c = 16 - 13. Suppose -5*m = -15, 5 = -c*b + 5*m - 7. Let z(d) = -6*d**3 + d**2 - 1. What is z(b)?
-6
Let p(y) be the first derivative of y**4/4 - 5*y**3/3 + 3*y**2/2 - 3*y - 2. Let b(x) = -11 + 11 + x**2. Let j be b(2). Determine p(j).
-7
Let u(a) be the second derivative of 0 + 0*a**3 - 1/3*a**4 + a**2 + 1/20*a**5 + 6*a. What is u(4)?
2
Let d(n) = 3*n**3 - 8*n**2 - 6*n - 2. Let a(l) = l**3 - l**2 - l. Let m(h) = 5*a(h) - d(h). What is m(-2)?
-4
Let v(d) be the second derivative of -1/12*d**4 - d**2 + 3*d + 4/3*d**3 + 0. Calculate v(7).
5
Let l(q) = 3*q**2 + 2*q - 1. Let m(z) = z**3 + 11*z**2 - 14*z - 18. Let h be m(-12). Suppose -5 = o - h. Determine l(o).
4
Let u(v) = -4*v**3 - 29*v**2 - v - 6. Let r(c) = -c**3 - 9*c**2 - 2. Let z(a) = 7*r(a) - 2*u(a). Suppose -5*i + 7*p = 2*p - 15, 20 = 4*i + 4*p. Calculate z(i).
-10
Let u(t) = t**3 - 4*t**2 + 4*t + 1. Let h = -25 - -43. Suppose 2*p + 4*p = h. Calculate u(p).
4
Suppose 0*y = 5*y + 10. Suppose 3*x + 12 = 3*g, -5*g + 2*x - x = -24. Let f(l) = 5*l + 4*l**3 + l**2 - g*l - 3*l**3 + 2*l. What is f(y)?
-8
Suppose 5*x - 30 = 5*r, -r + 4*x - x - 12 = 0. Let a(b) = -2*b**2 - 3*b. Determine a(r).
-9
Suppose -4*u = -0*u - 8. Let g(t) = 0*t + 5*t + 0*t + 1. Calculate g(u).
11
Let x be 8/5 + (-4)/(-10). Let d(q) = -q**3 + 3 + 0*q**x - 2*q**2 + 0*q**2 + 0*q**2 + 4*q. Suppose -4*s + 3*s + 3 = -3*k, 2*s = 2*k - 2. Give d(s).
0
Let x(c) = 3*c - 6. Let j(u) = -3*u - 12. Let i be j(-6). Give x(i).
12
Let n(s) = s**3 - s**2 - 9. Suppose -i + 5*k + 0*k = 25, -15 = -i - 5*k. Let t = -5 - i. Give n(t).
-9
Let d(p) be the third derivative of p**6/120 + p**5/10 - p**4/3 + p**3/3 - 23*p**2. Give d(-7).
9
Let i(t) = -11*t**2 + 12*t - 1. Let n(d) = 5*d**2 - 6*d. Suppose 4*p = 2*p + 12. Let k(g) = p*i(g) + 13*n(g). Suppose 0*q = q + 5. Calculate k(q).
-1
Let w(b) be the first derivative of b**4/4 - 2*b**3/3 - 3*b**2/2 + 3*b + 36. Let s be (-4)/(-10) + (-54)/(-15). Suppose 4 = s*f - 8. Give w(f).
3
Let n(k) be the third derivative of k**4/12 + 2*k**3/3 - 3*k**2. Let g(c) = -c + 1. Let w be g(-2). Let d = -2 - w. What is n(d)?
-6
Let i(v) be the second derivative of 2*v**4/3 - v**3/3 + v**2/2 + 7*v. Give i(1).
7
Let f(q) = -q**2 - 9*q - 22. Let o be f(-5). Let r(u) = -u + 1. Give r(o).
3
Let x(s) = 11*s + 5 + 0 + 9. Let t(j) = 5*j + 7. Let a(y) = 9*t(y) - 4*x(y). What is a(0)?
7
Let i(v) be the second derivative of -v**5/20 + 5*v**4/12 - v**3/2 - 5*v**2/2 - 7*v. Calculate i(4).
-1
Let d(f) = -4*f. Let t be (8/(-20))/((-1)/(-15)). Let g = t - -10. Let b = -5 + g. Calculate d(b).
4
Let c(z) = z**2 - 3*z - 5. Let o(l) = -6*l**2 + 4*l - 2. Let m be o(2). Let w be (2 - -1)*(-24)/m. Give c(w).
-1
Suppose -4*n = -3*n - 5. Let r(y) be the third derivative of y**5/60 - y**4/4 + y**3 + 2*y**2. Give r(n).
1
Let m(j) be the second derivative of -j**7/2520 + j**6/360 - j**4/3 + 2*j. Let z(i) be the third derivative of m(i). What is z(3)?
-3
Let d be -1 - (-1 + 2 - 2). Suppose d = p - 0*p - 2. Let w(q) = -q**3 + 2*q**2 - 3*q + 3. Calculate w(p).
-3
Let u be (2/(-5))/((-1)/(-5)). Let b = u - -5. Let h(a) = -a**2 + 2. Let s(x) = -2*x**2 + x + 4. Let r(n) = -7*h(n) + 4*s(n). Give r(b).
5
Let l(d) be the second derivative of d**3/3 + 3*d**2/2 - d. Suppose -26 = -3*y - 5*n + 39, -2*y + 38 = 2*n. Let s be (-9)/y*5/1. Calculate l(s).
-3
Let v be (-6)/(-4)*14/(-21). Let y(j) = j**2. Let z(x) = -5*x + 5. Let k(d) = v*y(d) + z(d). Suppose -25 = c - 3*s - 8, 0 = 2*c - s + 14. What is k(c)?
5
Let z(m) = 8*m**3 - m**2 + 1. Let l be ((-6)/9)/(8/(-12)). What is z(l)?
8
Let k(d) = 8*d + 98*d**2 - 9 - 49*d**2 - 48*d**2. Determine k(-9).
0
Let g(r) = -6*r**2 + 2*r - 2. Let l be g(1). Let p(f) = -f**2 - 9*f - 7. Calculate p(l).
11
Let j(k) = -k**2 + k. Let r(w) = w**3 - 9*w**2 + 9*w - 9. Let t be r(8). Let q = t + 1. Determine j(q).
0
Let a(t) = -2*t - 7. Let r(k) = -k**2 + 6*k + 8. Let f be r(6). Let c = f + -6. Let v be (1 - c)/(3/15). Calculate a(v).
3
Suppose -2*z + 0*z = -12. Suppose -2*m - 3*m = -3*d + 24, 3*d + 5*m + z = 0. Let l(c) = 3*c**2 + 0*c**2 - c**d + 2*c**3 - 3*c - 5. Determine l(-4).
-9
Let u(w) = -2*w - 2. Let k be u(-2). Let n(